472893166 a composite number?
True
Is 16479318857 a prime number?
True
Is 1699960649 a prime number?
False
Is 134949277 a prime number?
False
Is 3470101273 composite?
False
Is 13228685797 prime?
True
Is 388414379 prime?
True
Is 495205853 composite?
False
Is 2266735687 composite?
False
Is 1532313589 a prime number?
True
Is 14009981539 a composite number?
False
Is 17558081747 prime?
True
Is 61285592401 prime?
False
Is 283323449 composite?
False
Is 278146238 prime?
False
Is 1069753241 a composite number?
False
Is 23000520239 prime?
False
Is 16810763861 prime?
True
Is 34874708087 composite?
False
Is 69081079637 a prime number?
False
Is 109497715981 a prime number?
False
Is 37834438849 a prime number?
False
Is 60255407027 prime?
True
Is 2482367807 a prime number?
False
Is 1641052333 prime?
False
Is 149776105117 composite?
True
Is 27897431 a composite number?
False
Is 129460835143 a composite number?
True
Is 147899085599 a prime number?
True
Is 9411451987 prime?
False
Is 5514560659 prime?
True
Is 12964823089 a composite number?
False
Is 1966460273 a prime number?
True
Is 29401703 a prime number?
True
Is 652149149 a composite number?
False
Is 1625719957 composite?
True
Is 138602726929 prime?
False
Is 284521091 prime?
True
Is 336008297 a prime number?
False
Is 16770277991 a prime number?
False
Is 24165225641 composite?
False
Is 21858534479 a prime number?
False
Is 110407079183 composite?
False
Is 3409932415 a composite number?
True
Is 2681063707 a prime number?
False
Is 1133292581 a composite number?
False
Is 590789663 composite?
True
Is 796747187 composite?
False
Is 4875442373 composite?
True
Is 19282325191 prime?
False
Is 178699157003 composite?
False
Is 18248559439 composite?
True
Is 65913353599 a composite number?
True
Is 460141111 a prime number?
True
Is 81452279 a composite number?
True
Is 37986733 a prime number?
False
Is 593534729 a prime number?
True
Is 5336522189 a prime number?
False
Is 12534877 a composite number?
True
Is 6615597817 a composite number?
True
Is 33948724651 prime?
False
Is 6495936553 a prime number?
True
Is 77639123 a composite number?
True
Is 107228054 prime?
False
Is 306054251 a composite number?
False
Is 12399851767 a prime number?
False
Is 4859517191 prime?
True
Is 4240974697 a prime number?
True
Is 29694169879 composite?
True
Is 90981701 a prime number?
True
Is 33698718055 prime?
False
Is 800269499 a composite number?
False
Is 640087249 a composite number?
True
Is 697601797 a composite number?
True
Is 6178104197 a composite number?
False
Is 89205373 a prime number?
True
Is 81553255655 prime?
False
Is 59117083063 prime?
True
Is 2375727379 prime?
False
Is 718823839 a prime number?
True
Is 8152556677 a composite number?
False
Is 927931327 composite?
False
Is 6889576249 a prime number?
False
Is 131402951 composite?
True
Is 2002436473 prime?
True
Is 5120117879 a prime number?
True
Is 2207306099 a prime number?
False
Is 30600463 composite?
False
Is 10301965997 a composite number?
False
Is 116933083 a composite number?
True
Is 40077117877 a composite number?
True
Is 18306348419 prime?
False
Is 5029481329 a composite number?
True
Is 17894416863 a prime number?
False
Is 355570597 prime?
True
Is 33465581687 a composite number?
False
Is 4480028119 a composite number?
True
Is 3946992577 a prime number?
False
Is 313469459 composite?
False
Is 15464901563 a composite number?
False
Is 739822639 composite?
True
Is 4566665809 composite?
False
Is 241674929 a prime number?
False
Is 24414156031 a prime number?
True
Is 30723531 prime?
False
Is 288860798431 a composite number?
False
Is 9430819109 a composite number?
True
Is 3105873467 a prime number?
False
Is 4810890391 composite?
False
Is 1357869358 a composite number?
True
Is 26389458931 a prime number?
False
Is 288958391 composite?
False
Is 1231002007 a composite number?
False
Is 3172713877 prime?
True
Is 99895051677 a composite number?
True
Is 90502651 a composite number?
False
Is 69327143929 a prime number?
True
Is 2579212105 a prime number?
False
Is 9286028435 composite?
True
Is 102976771039 prime?
True
Is 1216732471 a prime number?
True
Is 18911290169 prime?
False
Is 18106151179 a prime number?
False
Is 125751744913 prime?
False
Is 5035536217 prime?
True
Is 1275894713 a composite number?
True
Is 116057812177 a composite number?
False
Is 608824919 a prime number?
False
Is 7944735023 prime?
True
Is 716965229 a composite number?
False
Is 2376702103 composite?
True
Is 8970763631 prime?
False
Is 2593545883 composite?
True
Is 2394419257 a composite number?
False
Is 2546224019 a composite number?
False
Is 21160952209 a composite number?
False
Is 19907273831 a composite number?
True
Is 138226763981 prime?
False
Is 108235397 prime?
False
Is 143734162489 composite?
True
Is 5336372446 a composite number?
True
Is 1315282193 composite?
True
Is 4616396293 composite?
False
Is 37333863087 a composite number?
True
Is 7868507321 composite?
False
Is 65113795061 prime?
False
Is 116696093 prime?
False
Is 2221433287 a prime number?
True
Is 59627991 composite?
True
Is 6869174161 a prime number?
True
Is 196192693 a prime number?
False
Is 17823183337 a prime number?
True
Is 5296535261 composite?
True
Is 575635027 composite?
True
Is 34790257 a composite number?
True
Is 242337778759 a prime number?
True
Is 1545033991 prime?
True
Is 11961541063 prime?
False
Is 228427327 composite?
False
Is 1442423987 prime?
False
Is 7724239429 prime?
True
Is 1645182829 prime?
False
Is 73215114461 prime?
True
Is 658998827 a composite number?
False
Is 8814578257 composite?
False
Is 139653155773 a prime number?
True
Is 13937286787 a prime number?
True
Is 24038465973 a composite number?
True
Is 4803071501 composite?
False
Is 1003500931 prime?
False
Is 4527424723 prime?
False
Is 108831064099 prime?
True
Is 3411243133 a prime number?
True
Is 686321143 prime?
True
Is 689314303 a prime number?
True
Is 183733219 composite?
True
Is 3521106553 composite?
False
Is 674167777 composite?
False
Is 4010504483 composite?
False
Is 14297035243 a prime number?
True
Is 6943101709 composite?
False
Is 9361634977 a composite number?
False
Is 55093675723 a composite number?
True
Is 660960253 a prime number?
False
Is 591034799 prime?
False
Is 3669507001 composite?
True
Is 50926877 prime?
False
Is 88341271 a composite number?
False
Is 389529047 prime?
False
Is 1920457667 a composite number?
False
Is 12877785887 a prime number?
True
Is 9803982319 a composite number?
False
Is 61725331693 composite?
True
Is 27574153111 composite?
False
Is 136849171 a prime number?
False
Is 107912401977 a composite number?
True
Is 30326698937 a prime number?
True
Is 18941978787 composite?
True
Is 4949818483 a composite number?
False
Is 12406505255 a prime number?
False
Is 29351782487 composite?
False
Is 2792096431 a composite number?
True
Is 159579137 a prime number?
False
Is 9398555339 composite?
False
Is 1329537767 prime?
True
Is 12271193579 prime?
False
Is 370243022 a composite number?
True
Is 1510402457 a prime number?
True
Is 2842880893 prime?
True
Is 15680540867 prime?
False
Is 373173271 prime?
True
Is 2531334647 a prime number?
True
Is 3487755833 composite?
False
Is 3630336491 composite?
True
Is 1373023363 composite?
False
Is 2267317771 a composite number?
True
Is 155433181 a prime number?
True
Is 85810936417 composite?
True
Is 2377129207 a prime number?
False
Is 40241441231 a prime number?
False
Is 15485962111 composite?
False
Is 26008195439 prime?
True
Is 935462189 composite?
False
Is 33348073277 a composite number?
False
Is 96694172917 a prime number?
True
Is 21413294797 prime?
False
Is 9536090797 composite?
True
Is 7058541979 a prime number?
True
Is 43034549647 composite?
True
Is 53349321601 a composite number?
False
Is 4911413438 a prime number?
False
Is 79706742871 prime?
False
Is 16061440607 prime?
True
Is 460478237 prime?
True
Is 6931987261 a prime number?
True
Is 778351279 a prime number?
True
Is 210095527 composite?
False
Is 2218195383 composite?
True
Is 29170957429 prime?
True
Is 2945491061 a composite number?
True
Is 2291108707 composite?
False
Is 359974283 a prime number?
False
Is 1523112749 prime?
True
Is 23198291561 composite?
True
Is 5497637471 composite?
False
Is 381120510803 a composite number?
True
Is 546968989 a prime number?
False
Is 518220341 a